eatest common divisor of 140 and n?
28
Suppose 30 = 4*v + 136*f - 138*f, 4*v - 21 = f. Suppose -6*j + 132 = -2*j. Calculate the greatest common factor of j and v.
3
Suppose 12*y = 7*y - 20580. Let a be y/126*3/(-1). What is the greatest common divisor of 14 and a?
14
Let n be (-3 + -7)*(0 + (-6)/15). Suppose 3*r = x + 12, n*r + 3 = 3*x + 19. Suppose -r = q - 9. What is the greatest common factor of q and 40?
5
Let r be ((-902)/(-328))/((-1)/(-1492)). Calculate the greatest common divisor of 77 and r.
11
Let s(m) = -12*m + 367. Let w be s(15). Calculate the highest common factor of 2431 and w.
187
Let n(g) = -g**3 + 13*g**2 + 16*g - 16. Let v be n(14). Let u be 160/(-48)*v/(-2). Suppose u = x - 36. Calculate the greatest common factor of 42 and x.
14
Let f = -188 - -233. Let q = 21 + f. Calculate the highest common divisor of q and 6.
6
Let q(r) = 2*r**2 + 3*r - 974. Let h be q(-31). What is the greatest common factor of 225 and h?
45
Let q = -22 + 33. Let l(k) = -k**3 - 6*k**2 - 26*k - 202. Let s be l(-7). Let a = q + s. What is the highest common divisor of a and 60?
20
Suppose b = 3*y - 8, -4*y + 8 = -b - 4. Suppose -4*v = -9*v + 2*n + 3021, -2*v - b*n + 1218 = 0. Calculate the highest common divisor of 55 and v.
55
Let s be (5028/15)/(93/465). Calculate the highest common divisor of 12 and s.
4
Suppose -16*d + 188 = 5*o - 3*d, 4*o - 2*d = 200. What is the greatest common divisor of o and 424?
8
Let p be 86/215 - 16/(-10). Suppose -o + 31 = p*t, -3*t - 4*o + 5 = -39. What is the highest common divisor of 88 and t?
8
Let p be -2 - ((-720)/(-27) - 7)/((-4)/12). Calculate the highest common factor of 5757 and p.
57
Let o be (-3 - 38/(-14)) + (-2)/(-7). Suppose -a - 2 + 0 = o. Let f be 27882/72 - a/(-8). Calculate the highest common divisor of f and 43.
43
Let d be ((-15)/(-20))/((-1)/(-524)). Suppose 0 = -b - d + 411. Calculate the greatest common divisor of 126 and b.
18
Suppose -3736*r - 81 = -3745*r. Calculate the highest common divisor of 6 and r.
3
Suppose 333 = 16*f - 195. Let j(n) = -5*n - 1. Let s be j(-3). Let m(g) = g**2 - 14*g + 11. Let o be m(s). What is the greatest common factor of o and f?
11
Let r = -316 - -656. What is the greatest common factor of 68 and r?
68
Let a be (-944)/708 + 5380/3. What is the greatest common factor of 196 and a?
28
Let a = -119 + 128. Suppose -13*c + 5500 = a*c. What is the highest common divisor of 50 and c?
50
Let a = -424 - -429. Let j be (-13)/((-56)/(-84) + a/(-3)). What is the highest common divisor of j and 299?
13
Suppose -q - 3*g = -15, 5*q + 13*g - 62 = 11*g. Suppose -2*o - 4*c - 132 = -6*o, -2*o - 4*c + 84 = 0. What is the greatest common divisor of o and q?
12
Let j = 17915 + -3290. What is the highest common factor of 250 and j?
125
Let b be ((-18)/4)/((-135)/990). Suppose 13*h - 6 = 15*h. Let j be (-4)/(h/b + 0). Calculate the greatest common divisor of 308 and j.
44
Let h(f) be the first derivative of 2*f**2 - 12*f - 21. Let a be h(3). Suppose -6*g - 9 + 51 = a. Calculate the highest common divisor of g and 14.
7
Let o(l) = 2*l**2 + 20*l - 86. Let v be o(6). What is the highest common factor of 7102 and v?
106
Let r be 4/(-66) + 14413/957. Calculate the highest common factor of 510 and r.
15
Let d(p) = -452*p - 2108. Let n be d(-5). What is the greatest common factor of n and 16?
8
Let c(b) = 59*b + 511. Let f be c(1). Calculate the highest common divisor of 399 and f.
57
Suppose 0 = -b, 3*b = -2*c - 2*c - 404. Suppose 1932*a - 1931*a + 71 = 0. Let p = a - c. Calculate the greatest common divisor of p and 6.
6
Let c = -2200 + 2240. Let w(u) = -3*u + 3*u - 4*u - 2. Let v be w(-3). What is the greatest common divisor of v and c?
10
Suppose -6*o = 7 - 7. Suppose o = -7*j + 12*j - 80. Calculate the greatest common divisor of 16 and j.
16
Let l = 2 + -2. Suppose l = a + o - 56, -3*o - 4 = 8. Let b = 1320 - 1300. Calculate the greatest common divisor of b and a.
20
Let s(m) = -m**2 + 59*m + 123. Let p be s(42). Calculate the highest common factor of 27 and p.
27
Let o = -789 - -537. Let c = -249 - o. Suppose -q + 3*q = 6. What is the highest common divisor of q and c?
3
Suppose 21*k = 2*k + 48108. Calculate the greatest common factor of k and 36.
12
Suppose -13*c = -10*c - 9. Let x be (-3)/2*c*3*-2. Calculate the highest common factor of 108 and x.
27
Let j be -1 + (42/(-189))/(2/(-2358)). Calculate the greatest common factor of 225 and j.
9
Suppose -35 = -x - 5*g, -5*g = -x + 116 - 71. What is the greatest common divisor of x and 1275?
5
Let x be 30/(-18)*-3 - -5. Let g(n) = -n**2 + 4*n + 4. Let k be g(6). Let r be (x/k)/(6/(-48)). Calculate the highest common factor of 25 and r.
5
Let k = 49 + -44. Let s be 18*(10/(-6) + 3). Suppose -y + 13 = x, y + 2*x = 4*y - s. What is the greatest common divisor of y and k?
5
Let p(c) = 2*c**3 - 7*c**2 + 7*c - 39. Let l be p(10). What is the highest common factor of l and 44?
11
Suppose 5*j = -17 - 58. Let u = -10 - j. Suppose -4*v = 3*p - 29 + 6, 5*v + 2*p - 27 = 0. What is the greatest common factor of v and u?
5
Let s = -7385 + 19593. Calculate the greatest common divisor of 7 and s.
7
Let m(q) be the second derivative of q**3/3 - 2*q**2 + 6*q. Let d be m(6). Suppose -52 = -2*f - d. Calculate the highest common divisor of f and 33.
11
Suppose 6*k - 48 = -4*t + 9*k, 3*t - 31 = k. Suppose -2*p = -0 - 2. Let s be 1288/24 - p/(-3). Calculate the highest common divisor of t and s.
9
Let f(i) = i + 16. Let l be f(-21). Let p(n) = -32*n + 10. Let q be p(l). Let g = -31 - -65. What is the greatest common divisor of q and g?
34
Suppose -2*v = v - 15. Let u(n) = -n**3 + 8*n**2 + 5*n - 12. Let a be u(v). Let l = a - 66. What is the highest common divisor of 66 and l?
22
Suppose -21*q + 20*q + 47402 = 5*o, -2*o - 3*q = -18953. Calculate the highest common divisor of o and 19.
19
Let j be (-3*(-344)/(-24) + 6)/((-3)/57). Calculate the greatest common factor of 133 and j.
19
Suppose -3*l = -8*l + 120. Let y = -16 - -23. Let p = y - 4. Calculate the greatest common factor of p and l.
3
Let q = 690 + -687. Suppose -3*w = w - 724. Suppose r - q*s = 103, 2*r - 4*r = -s - w. Calculate the highest common factor of r and 22.
22
Suppose -4*g - 235 = 329. Let c = g - -310. Suppose c = 5*k + 44. What is the highest common divisor of 5 and k?
5
Let u(m) = 21*m + 2135. Let b be u(-27). Calculate the greatest common divisor of b and 294.
98
Let c be (3/4)/((-32247)/4032 + 8). Let x be (-1 - 19/(-7))/(32/c). What is the greatest common divisor of 66 and x?
6
Suppose -3*y = -2*a - 224, -4*a - 8 = 3*y - 262. Suppose b = -5*b + y. Calculate the greatest common factor of 481 and b.
13
Let p be (7 + -151)/(-12) - -278. What is the greatest common divisor of p and 10?
10
Let v be (160/(-24))/((-8)/(-84)*-2). Calculate the greatest common divisor of v and 77.
7
Suppose 3*w = -88 - 143. Let v be 195*(-12)/36 + 10. Let q = v - w. Calculate the highest common factor of q and 198.
22
Suppose -c = -614*p + 618*p - 991, 5*c = -3*p + 773. What is the greatest common divisor of p and 24?
6
Suppose 15*s - 34*s = -133. Let f(q) = 2*q**3 - 9*q**2 - 4*q - 9. Let n be f(s). Calculate the greatest common divisor of 52 and n.
52
Let r = 891 - 838. What is the greatest common factor of 424 and r?
53
Let s = 156 - -6. Suppose 3*t = s + 318. Suppose -11*y = -214 - t. What is the highest common divisor of y and 85?
17
Suppose 5*p - 73 = q, -q = -2*p - 3*q + 22. Let d be ((-50)/30)/(48350/(-9660) - -5). What is the greatest common divisor of d and p?
14
Suppose -11*t + 5*t = -12. Let q(u) = -23*u - 102*u**t + 0*u - 44 + 101*u**2. Let x be q(-20). Calculate the highest common factor of x and 48.
16
Let u(a) = 4 + a + 32 + 0*a. Let p be u(8). Let s(m) = -m**3 + 7*m**2 + 10*m - 4. Let t be s(7). Calculate the greatest common factor of p and t.
22
Let r(i) = 2*i**2 - 23*i - 19. Let q be r(13). Calculate the greatest common divisor of 4000 and q.
20
Suppose -8*f + 13*f = 200. Let z = 44 - f. Suppose -10 = -z*y + 22. Calculate the greatest common factor of 44 and y.
4
Suppose 0 = -2*b - 10, 5*j - 56*b + 57*b = 235. Calculate the greatest common divisor of 2316 and j.
12
Let r(c) = c - 6. Let h be r(6). Suppose -22*l - 3*l + 750 = h. What is the greatest common divisor of 10 and l?
10
Suppose 177*x - 181*x